te the greatest common divisor of 19 and f.
19
Suppose 2*o = -0*o + 2*u + 78, 0 = -o + 3*u + 49. What is the greatest common divisor of 85 and o?
17
Let d be (-1)/3*-18 - -154. What is the greatest common divisor of 24 and d?
8
Let i be 21*(43/3 + 1/3). What is the highest common factor of i and 28?
28
Let z = 429 + -174. What is the highest common factor of 340 and z?
85
Let r be (4/3)/(2/9). Let s = 10 - r. Let g = 242 + -240. Calculate the greatest common factor of s and g.
2
Suppose -7*z - 915 = -10*z. Let k = z - 162. Calculate the highest common divisor of k and 26.
13
Let s(a) = -3*a**3 - 8*a**2 - 3*a + 2. Let w be s(-6). Suppose 4*d - w + 84 = 0. Let r = d + -50. Calculate the highest common factor of r and 12.
12
Let f = 11 - 5. Suppose f*b - 11*b + 75 = 0. Let t = 48 - b. What is the greatest common divisor of 22 and t?
11
Let y(s) = 8*s**2 - s - 3. Let j be y(-1). What is the greatest common divisor of j and 48?
6
Suppose 12*l - 195 + 147 = 0. Let z = 1 + 7. What is the highest common factor of l and z?
4
Let d = -230 + 244. What is the greatest common factor of 98 and d?
14
Suppose -16*t - 41 = -633. Calculate the highest common divisor of 481 and t.
37
Let p(r) = r**3 - r**2 + r + 173. Let d be p(0). Suppose -d = -3*u + 880. Let n = -189 + u. Calculate the highest common divisor of n and 18.
18
Suppose -158 = -2*y + c, 5*y + 4*c - 425 = -c. Let k(b) = b**2 + 26*b + 174. Let g be k(-11). What is the greatest common divisor of g and y?
9
Let m(b) = b**3 + 2*b**2 + b - 2. Let f be m(4). Suppose -5*h = -4*s + 100, -5*s + 2*s + f = 2*h. Calculate the highest common divisor of s and 105.
15
Let k be (88/(-66))/(1/(-48)). Calculate the greatest common divisor of 224 and k.
32
Suppose 75*f + 23485 = 86*f. What is the highest common factor of 35 and f?
35
Let f(c) = 13*c - 279. Let n be f(23). Let h(a) = 2*a**2 - a + 5. Let v be h(5). What is the greatest common factor of v and n?
10
Let n(k) = 13*k + 104. Let f be n(-5). What is the greatest common factor of 65 and f?
13
Suppose -d = -180 + 54. What is the greatest common factor of 105 and d?
21
Let g(f) = -40*f**3 - 2*f**2 - 2*f - 1. Suppose 0 = 2*i - 7*i - 5. Let d be g(i). Suppose 13*p - 78 = 10*p. Calculate the greatest common factor of d and p.
13
Let j(q) = 3*q**2 + 6. Let w be j(-2). What is the highest common factor of w and 63?
9
Let y(t) = 19*t**2 - 3*t - 14. Let g be y(7). Calculate the highest common factor of g and 28.
28
Let q = -17 - -17. Let n(l) = l - 5. Let b be n(7). Suppose -4*j + 12 = 4*u, b*u = -q*u - j + 4. What is the greatest common divisor of u and 7?
1
Let n be 1/((3/4)/(-3)). Let w be n/(-2)*(-37)/(-2). Let j(p) = p**3 - 35*p**2 + 42*p + 24. Let d be j(34). Calculate the highest common factor of w and d.
37
Let p be ((-2)/6)/((-13)/1404). Calculate the highest common divisor of p and 96.
12
Let p be -26*(6 - 6 - 68/8). What is the greatest common divisor of 34 and p?
17
Let y(c) = 11*c**3 + 8*c + 41. Let h(v) = 7*v**3 + 5*v + 27. Let s(o) = 8*h(o) - 5*y(o). Let w be s(0). What is the highest common divisor of 22 and w?
11
Let j be ((-18)/(-1*1))/(130/195). What is the highest common factor of j and 135?
27
Let t be 4/(-60)*-5*(-72)/(-2). Suppose 17 = 4*m + 1. Suppose -m*z + z + 9 = 0. Calculate the greatest common factor of t and z.
3
Suppose -166 = -l - 4*q - 51, 4*l = q + 545. Let j(c) = 3*c**2 - 4*c. Let h = 218 - 215. Let s be j(h). What is the highest common factor of s and l?
15
Suppose -c - 13 = -j - 39, 4*c + 3*j = 83. Let v be (-1 - (-3 - 1)) + 457. Suppose v = -12*z + 14*z. Calculate the greatest common factor of z and c.
23
Let i = -40 + 67. Suppose -y - 2*y = i. Let a = y - -15. Calculate the greatest common factor of 66 and a.
6
Suppose -4*v + 3 = -i, 163*v = 5*i + 161*v - 111. Let n(w) = -6*w**3 - 4*w**2 - w - 4. Let k be n(-3). Calculate the highest common divisor of k and i.
25
Let q be (-5 + 3)/(4/(-64)). Let x = q + -27. Suppose 2*n + 18 = x*n. Calculate the greatest common divisor of 2 and n.
2
Suppose -4*i - 25 = -2*o - 3, 0 = -o - 3*i + 16. Let r be -12 + 0 + 33 + 4 + 1. What is the highest common factor of o and r?
13
Let z be (-1671)/(-4) + 27/108. What is the greatest common divisor of z and 22?
22
Suppose 4*x + 3*o - 2*o = 102, -4*x + 92 = -4*o. What is the greatest common divisor of x and 20?
5
Let n(o) = -6*o - 120. Let b be n(-23). What is the highest common divisor of 306 and b?
18
Let h(v) = -18*v + 626. Let g be h(34). Calculate the highest common divisor of 280 and g.
14
Let j be (-10)/4*(-18)/45. Let f be -1 + (-4 + 35)/j. What is the highest common divisor of 20 and f?
10
Let b = 80 - 20. Calculate the greatest common divisor of 150 and b.
30
Suppose -2*t + t + 4 = 0, 0 = -3*q - t + 346. Calculate the highest common divisor of 18 and q.
6
Let b = 56 - -7. Suppose -2*o - 16 = 2*o, -2*t = o - 14. Suppose s - 18 = -3*g, s - t = -3*g - 3*s. What is the highest common factor of g and b?
7
Suppose 1782 = 33*a + 132. Calculate the highest common divisor of a and 20.
10
Let s(t) = 2*t**3 - 27*t**2 - 30*t - 18. Let u be s(15). Calculate the highest common divisor of u and 46.
23
Let v = -327 - -362. Calculate the highest common divisor of 105 and v.
35
Let j = -23 - -26. Suppose d - 29 = 4*v, 2*d - j*v - 24 = d. Suppose d = c + 2*i, -2*c + 18 = -0*i + 3*i. Calculate the highest common divisor of 45 and c.
9
Let o = 11 + -7. Suppose f - 5*y - 30 = -8, -3*f - 14 = 5*y. Suppose f*q = -8, -4*d + q + o*q = -120. Calculate the greatest common factor of 10 and d.
5
Suppose -3*o + 1052 = -o. Let v = o - 339. What is the highest common factor of v and 17?
17
Let n(c) = 3*c**2 + c + 2. Let x be n(3). Suppose -4*t - 3*h = -63, -9 - 33 = -2*t + 2*h. Let i = 26 - t. Calculate the highest common divisor of x and i.
8
Let g(i) = -i**2 - i - 1. Let k be g(0). Let l be -38 - (-1)/(k/(-3)). Let v be (-935)/l + 2/7. Calculate the greatest common divisor of 297 and v.
27
Let q = 5 - 2. Let y(s) = -4*s - 5. Let k(h) = -3*h - 6. Let w(x) = 5*k(x) - 6*y(x). Let l be w(3). Calculate the highest common factor of l and q.
3
Let n(o) = 3*o**2 + 20*o + 40. Let q be n(-4). What is the highest common factor of q and 152?
8
Let x = -13 - -20. What is the highest common divisor of x and 791?
7
Let f be -6*(-7)/(-14)*-2. What is the greatest common divisor of 22 and f?
2
Suppose -33*l + 60*l = 5616. What is the highest common divisor of 16 and l?
16
Let i be 65/9 + 4/(-18). Suppose -66*h = -108*h + 294. Calculate the highest common factor of h and i.
7
Suppose b = 2*b + 2*c - 3, 2*b - 5 = -5*c. Suppose -49 + 1 = -2*p. Let z be (p/b)/((-6)/(-15)). What is the highest common factor of z and 84?
12
Let m = 119 + -112. Let p(o) = -o**3 + 9*o**2 - 8*o + 6. Let d be p(m). Calculate the greatest common factor of d and 48.
48
Let i be (-364)/(-126)*-6*(-3)/2. Calculate the highest common divisor of 52 and i.
26
Let l(k) = -10*k + 116. Let z be l(11). Calculate the greatest common factor of z and 96.
6
Let d be 44/(-7)*(-4 + -3). Let p be 9 - (1*-2)/1. Calculate the highest common factor of p and d.
11
Let g = 189 - 157. Let a be ((-42)/9)/2*3. Let p(z) = z**3 + 7*z**2 - 2*z - 10. Let d be p(a). Calculate the greatest common factor of d and g.
4
Let t(i) = -i**2 - 7*i - 5. Suppose -4*r = -0*r + 24. Let g be t(r). Let h = 2 + 6. Calculate the highest common factor of h and g.
1
Suppose 50*u - 322 = 36*u. Suppose l - 138 = -l. Calculate the highest common factor of u and l.
23
Suppose 5*s - 1415 = -t + 88, -t = -3*s - 1479. What is the greatest common divisor of t and 93?
93
Suppose 2*s - 5*p - 167 = 0, -18*p + 19*p = -4*s + 279. What is the highest common factor of 142 and s?
71
Suppose -2*p + 151 = -59. Let n(i) = 11*i - 73. Let m be n(8). Calculate the greatest common factor of p and m.
15
Let n(w) = w**2 + 3*w. Let r be ((-3)/2 - (-2)/4) + 12. Let g be n(r). Let z(k) = -4*k + 2. Let o be z(-3). Calculate the highest common factor of o and g.
14
Let z be 112/18 + 12/(-54). Calculate the greatest common divisor of 192 and z.
6
Suppose -30*h + 4455 = -3*h. What is the highest common factor of h and 15?
15
Let j be ((-90)/(-20))/(2/12). What is the highest common divisor of j and 783?
27
Let b(s) = -8*s - 47. Suppose 7 = -2*h - u + 2*u, u + 17 = -2*h. Let o be b(h). What is 